{"id":1353,"date":"2024-03-22T20:35:09","date_gmt":"2024-03-22T23:35:09","guid":{"rendered":"https:\/\/canaldefrasesbiblicas.com.br\/lojavirtual\/?post_type=product&#038;p=1353"},"modified":"2024-11-15T12:05:18","modified_gmt":"2024-11-15T15:05:18","slug":"oratorio-suporte-altar","status":"publish","type":"product","link":"https:\/\/canaldefrasesbiblicas.com.br\/lojavirtual\/product\/oratorio-suporte-altar\/","title":{"rendered":"Orat\u00f3rio Suporte Altar"},"content":{"rendered":"<table class=\"a-normal a-spacing-micro\">\n<tbody>\n<tr class=\"a-spacing-small po-material\">\n<td class=\"a-span3\"><span class=\"a-size-base a-text-bold\">Material<\/span><\/td>\n<td class=\"a-span9\"><span class=\"a-size-base po-break-word\">Madeira MDF<\/span><\/td>\n<\/tr>\n<tr class=\"a-spacing-small po-color\">\n<td class=\"a-span3\"><span class=\"a-size-base a-text-bold\">Cor<\/span><\/td>\n<td class=\"a-span9\"><span class=\"a-size-base po-break-word\">Marrom<\/span><\/td>\n<\/tr>\n<tr class=\"a-spacing-small po-brand\">\n<td class=\"a-span3\"><span class=\"a-size-base a-text-bold\">Marca<\/span><\/td>\n<td class=\"a-span9\"><span class=\"a-size-base po-break-word\">Gen\u00e9rico<\/span><\/td>\n<\/tr>\n<tr class=\"a-spacing-small po-item_length_width_thickness\">\n<td class=\"a-span3\"><span class=\"a-size-base a-text-bold\">Dimens\u00f5es do produto<\/span><\/td>\n<td class=\"a-span9\"><span class=\"a-size-base po-break-word\">12C x 26L x 3Espessura cent\u00edmetros<\/span><\/td>\n<\/tr>\n<tr class=\"a-spacing-small po-compatible_with_vehicle_type\">\n<td class=\"a-span3\"><span class=\"a-size-base a-text-bold\">Tipo de manuten\u00e7\u00e3o do ve\u00edculo<\/span><\/td>\n<td class=\"a-span9\"><span class=\"a-size-base po-break-word\">Carro de Passageiros<\/span><\/td>\n<\/tr>\n<\/tbody>\n<\/table>\n","protected":false},"excerpt":{"rendered":"<h2 class=\"default\">Descri\u00e7\u00e3o do produto<\/h2>\n<div id=\"productDescription\" class=\"a-section a-spacing-small\">\n<p>&nbsp;<\/p>\n<p>Ol\u00e1! Voc\u00ea est\u00e1 na melhor loja de artigos religiosos, artesanato e presentes. Somos a DIVIN\u00c1RIO ARTIGOS RELIGIOSOS! Ser\u00e1 um prazer atend\u00ea-lo!<\/p>\n<p>Orat\u00f3rio Altar Capela De Parede Para Santos at\u00e9 27cm Suporte De Madeira 42cm<\/p>\n<p>Material: Madeira MDF.<br \/>\nDimens\u00f5es: 42cm (altura) 26cm (largura) 12cm (profundidade)<br \/>\nPeso: 450 g.<\/p>\n<p>PERGUNTAS FREQUENTES<\/p>\n<p>&#8211; Para qual tamanho de imagem serve?<br \/>\n\u00c9 indicado para imagens pequenas com dimens\u00f5es m\u00e1xima de at\u00e9 27cm de altura, 26cm de largura e 12cm de profundidade.<\/p>\n<p>&#8211; \u00c9 igual a foto?<br \/>\nSim. Foto do produto real. Podem ocorrer leves varia\u00e7\u00f5es no tom da pe\u00e7a por se tratar de um produto artesanal, mas sem alterar a ess\u00eancia.<\/p>\n<p>&#8211; Qual o material?<br \/>\nMadeira MDF.<\/p>\n<p>&#8211; D\u00e1 para pendurar?<br \/>\nSim, possui furo para pendurar na parede. Para imagens leves \u00e9 poss\u00edvel fixar com fita dupla face.<\/p>\n<p>&#8211; Qual parafuso\/broca \u00e9 indicado?<br \/>\n\u00c9 indicado o n\u00ba 6.<\/p>\n<p>&#8211; Tem garantia de compra?<br \/>\nSim. S\u00e3o 30 dias para defeitos, 7 dias para arrependimento e garantia total contra quebras e atrasos.<\/p>\n<p>&#8211; Posso expor ao sol e chuva?<br \/>\nN\u00e3o \u00e9 recomendado exposi\u00e7\u00e3o ao sol e umidade.<\/p>\n<\/div>\n","protected":false},"featured_media":1354,"comment_status":"open","ping_status":"closed","template":"","meta":{"content-type":"","jetpack_publicize_message":"","jetpack_publicize_feature_enabled":true,"jetpack_social_post_already_shared":false,"jetpack_social_options":{"image_generator_settings":{"template":"highway","default_image_id":0,"font":"","enabled":false},"version":2}},"product_brand":[],"product_cat":[176],"product_tag":[],"class_list":{"0":"post-1353","1":"product","2":"type-product","3":"status-publish","6":"product_cat-produto-fisico","8":"first","9":"instock","10":"shipping-taxable","11":"product-type-external"},"yoast_head":"<!-- This site is optimized with the Yoast SEO plugin v27.3 - https:\/\/yoast.com\/product\/yoast-seo-wordpress\/ -->\n<title>Orat\u00f3rio Suporte Altar - Loja Virtual B\u00edblica<\/title>\n<meta name=\"robots\" content=\"index, follow, max-snippet:-1, max-image-preview:large, max-video-preview:-1\" \/>\n<link rel=\"canonical\" href=\"https:\/\/canaldefrasesbiblicas.com.br\/lojavirtual\/product\/oratorio-suporte-altar\/\" \/>\n<meta property=\"og:locale\" content=\"pt_BR\" \/>\n<meta property=\"og:type\" content=\"article\" \/>\n<meta property=\"og:title\" content=\"Orat\u00f3rio Suporte Altar - Loja Virtual B\u00edblica\" \/>\n<meta property=\"og:description\" content=\"Descri\u00e7\u00e3o do produto   &nbsp;  Ol\u00e1! Voc\u00ea est\u00e1 na melhor loja de artigos religiosos, artesanato e presentes. Somos a DIVIN\u00c1RIO ARTIGOS RELIGIOSOS! Ser\u00e1 um prazer atend\u00ea-lo!  Orat\u00f3rio Altar Capela De Parede Para Santos at\u00e9 27cm Suporte De Madeira 42cm  Material: Madeira MDF. Dimens\u00f5es: 42cm (altura) 26cm (largura) 12cm (profundidade) Peso: 450 g.  PERGUNTAS FREQUENTES  - Para qual tamanho de imagem serve? \u00c9 indicado para imagens pequenas com dimens\u00f5es m\u00e1xima de at\u00e9 27cm de altura, 26cm de largura e 12cm de profundidade.  - \u00c9 igual a foto? Sim. Foto do produto real. Podem ocorrer leves varia\u00e7\u00f5es no tom da pe\u00e7a por se tratar de um produto artesanal, mas sem alterar a ess\u00eancia.  - Qual o material? Madeira MDF.  - D\u00e1 para pendurar? Sim, possui furo para pendurar na parede. Para imagens leves \u00e9 poss\u00edvel fixar com fita dupla face.  - Qual parafuso\/broca \u00e9 indicado? \u00c9 indicado o n\u00ba 6.  - Tem garantia de compra? Sim. S\u00e3o 30 dias para defeitos, 7 dias para arrependimento e garantia total contra quebras e atrasos.  - Posso expor ao sol e chuva? N\u00e3o \u00e9 recomendado exposi\u00e7\u00e3o ao sol e umidade.\" \/>\n<meta property=\"og:url\" content=\"https:\/\/canaldefrasesbiblicas.com.br\/lojavirtual\/product\/oratorio-suporte-altar\/\" \/>\n<meta property=\"og:site_name\" content=\"Loja Virtual B\u00edblica\" \/>\n<meta property=\"article:modified_time\" content=\"2024-11-15T15:05:18+00:00\" \/>\n<meta property=\"og:image\" content=\"https:\/\/canaldefrasesbiblicas.com.br\/lojavirtual\/wp-content\/uploads\/2024\/03\/718oxhqIJ1L._AC_SL1500_.jpg\" \/>\n\t<meta property=\"og:image:width\" content=\"1500\" \/>\n\t<meta property=\"og:image:height\" content=\"1500\" \/>\n\t<meta property=\"og:image:type\" content=\"image\/jpeg\" \/>\n<meta name=\"twitter:card\" content=\"summary_large_image\" \/>\n<meta name=\"twitter:label1\" content=\"Est. tempo de leitura\" \/>\n\t<meta name=\"twitter:data1\" content=\"1 minuto\" \/>\n<script type=\"application\/ld+json\" class=\"yoast-schema-graph\">{\"@context\":\"https:\\\/\\\/schema.org\",\"@graph\":[{\"@type\":\"WebPage\",\"@id\":\"https:\\\/\\\/canaldefrasesbiblicas.com.br\\\/lojavirtual\\\/product\\\/oratorio-suporte-altar\\\/\",\"url\":\"https:\\\/\\\/canaldefrasesbiblicas.com.br\\\/lojavirtual\\\/product\\\/oratorio-suporte-altar\\\/\",\"name\":\"Orat\u00f3rio Suporte Altar - Loja Virtual B\u00edblica\",\"isPartOf\":{\"@id\":\"https:\\\/\\\/canaldefrasesbiblicas.com.br\\\/lojavirtual\\\/#website\"},\"primaryImageOfPage\":{\"@id\":\"https:\\\/\\\/canaldefrasesbiblicas.com.br\\\/lojavirtual\\\/product\\\/oratorio-suporte-altar\\\/#primaryimage\"},\"image\":{\"@id\":\"https:\\\/\\\/canaldefrasesbiblicas.com.br\\\/lojavirtual\\\/product\\\/oratorio-suporte-altar\\\/#primaryimage\"},\"thumbnailUrl\":\"https:\\\/\\\/i0.wp.com\\\/canaldefrasesbiblicas.com.br\\\/lojavirtual\\\/wp-content\\\/uploads\\\/2024\\\/03\\\/718oxhqIJ1L._AC_SL1500_.jpg?fit=1500%2C1500&ssl=1\",\"datePublished\":\"2024-03-22T23:35:09+00:00\",\"dateModified\":\"2024-11-15T15:05:18+00:00\",\"breadcrumb\":{\"@id\":\"https:\\\/\\\/canaldefrasesbiblicas.com.br\\\/lojavirtual\\\/product\\\/oratorio-suporte-altar\\\/#breadcrumb\"},\"inLanguage\":\"pt-BR\",\"potentialAction\":[{\"@type\":\"ReadAction\",\"target\":[\"https:\\\/\\\/canaldefrasesbiblicas.com.br\\\/lojavirtual\\\/product\\\/oratorio-suporte-altar\\\/\"]}]},{\"@type\":\"ImageObject\",\"inLanguage\":\"pt-BR\",\"@id\":\"https:\\\/\\\/canaldefrasesbiblicas.com.br\\\/lojavirtual\\\/product\\\/oratorio-suporte-altar\\\/#primaryimage\",\"url\":\"https:\\\/\\\/i0.wp.com\\\/canaldefrasesbiblicas.com.br\\\/lojavirtual\\\/wp-content\\\/uploads\\\/2024\\\/03\\\/718oxhqIJ1L._AC_SL1500_.jpg?fit=1500%2C1500&ssl=1\",\"contentUrl\":\"https:\\\/\\\/i0.wp.com\\\/canaldefrasesbiblicas.com.br\\\/lojavirtual\\\/wp-content\\\/uploads\\\/2024\\\/03\\\/718oxhqIJ1L._AC_SL1500_.jpg?fit=1500%2C1500&ssl=1\",\"width\":1500,\"height\":1500},{\"@type\":\"BreadcrumbList\",\"@id\":\"https:\\\/\\\/canaldefrasesbiblicas.com.br\\\/lojavirtual\\\/product\\\/oratorio-suporte-altar\\\/#breadcrumb\",\"itemListElement\":[{\"@type\":\"ListItem\",\"position\":1,\"name\":\"In\u00edcio\",\"item\":\"https:\\\/\\\/canaldefrasesbiblicas.com.br\\\/lojavirtual\\\/\"},{\"@type\":\"ListItem\",\"position\":2,\"name\":\"Loja\",\"item\":\"https:\\\/\\\/canaldefrasesbiblicas.com.br\\\/lojavirtual\\\/shop\\\/\"},{\"@type\":\"ListItem\",\"position\":3,\"name\":\"Orat\u00f3rio Suporte Altar\"}]},{\"@type\":\"WebSite\",\"@id\":\"https:\\\/\\\/canaldefrasesbiblicas.com.br\\\/lojavirtual\\\/#website\",\"url\":\"https:\\\/\\\/canaldefrasesbiblicas.com.br\\\/lojavirtual\\\/\",\"name\":\"Canal de Frases B\u00edblicas Loja\",\"description\":\"Sua loja virtual de produtos B\u00edblicos\",\"publisher\":{\"@id\":\"https:\\\/\\\/canaldefrasesbiblicas.com.br\\\/lojavirtual\\\/#\\\/schema\\\/person\\\/c4e09d5a28b88156a652a19997e32f47\"},\"potentialAction\":[{\"@type\":\"SearchAction\",\"target\":{\"@type\":\"EntryPoint\",\"urlTemplate\":\"https:\\\/\\\/canaldefrasesbiblicas.com.br\\\/lojavirtual\\\/?s={search_term_string}\"},\"query-input\":{\"@type\":\"PropertyValueSpecification\",\"valueRequired\":true,\"valueName\":\"search_term_string\"}}],\"inLanguage\":\"pt-BR\"},{\"@type\":[\"Person\",\"Organization\"],\"@id\":\"https:\\\/\\\/canaldefrasesbiblicas.com.br\\\/lojavirtual\\\/#\\\/schema\\\/person\\\/c4e09d5a28b88156a652a19997e32f47\",\"name\":\"canaldefrasespararefletir\",\"image\":{\"@type\":\"ImageObject\",\"inLanguage\":\"pt-BR\",\"@id\":\"https:\\\/\\\/i0.wp.com\\\/canaldefrasesbiblicas.com.br\\\/lojavirtual\\\/wp-content\\\/uploads\\\/2025\\\/03\\\/cropped-Canal-de-Frases-Biblicas.jpg?fit=771%2C286&ssl=1\",\"url\":\"https:\\\/\\\/i0.wp.com\\\/canaldefrasesbiblicas.com.br\\\/lojavirtual\\\/wp-content\\\/uploads\\\/2025\\\/03\\\/cropped-Canal-de-Frases-Biblicas.jpg?fit=771%2C286&ssl=1\",\"contentUrl\":\"https:\\\/\\\/i0.wp.com\\\/canaldefrasesbiblicas.com.br\\\/lojavirtual\\\/wp-content\\\/uploads\\\/2025\\\/03\\\/cropped-Canal-de-Frases-Biblicas.jpg?fit=771%2C286&ssl=1\",\"width\":771,\"height\":286,\"caption\":\"canaldefrasespararefletir\"},\"logo\":{\"@id\":\"https:\\\/\\\/i0.wp.com\\\/canaldefrasesbiblicas.com.br\\\/lojavirtual\\\/wp-content\\\/uploads\\\/2025\\\/03\\\/cropped-Canal-de-Frases-Biblicas.jpg?fit=771%2C286&ssl=1\"},\"sameAs\":[\"https:\\\/\\\/canaldefrasesbiblicas.com.br\\\/lojavirtual\"]}]}<\/script>\n<!-- \/ Yoast SEO plugin. -->","yoast_head_json":{"title":"Orat\u00f3rio Suporte Altar - Loja Virtual B\u00edblica","robots":{"index":"index","follow":"follow","max-snippet":"max-snippet:-1","max-image-preview":"max-image-preview:large","max-video-preview":"max-video-preview:-1"},"canonical":"https:\/\/canaldefrasesbiblicas.com.br\/lojavirtual\/product\/oratorio-suporte-altar\/","og_locale":"pt_BR","og_type":"article","og_title":"Orat\u00f3rio Suporte Altar - Loja Virtual B\u00edblica","og_description":"Descri\u00e7\u00e3o do produto   &nbsp;  Ol\u00e1! Voc\u00ea est\u00e1 na melhor loja de artigos religiosos, artesanato e presentes. Somos a DIVIN\u00c1RIO ARTIGOS RELIGIOSOS! Ser\u00e1 um prazer atend\u00ea-lo!  Orat\u00f3rio Altar Capela De Parede Para Santos at\u00e9 27cm Suporte De Madeira 42cm  Material: Madeira MDF. Dimens\u00f5es: 42cm (altura) 26cm (largura) 12cm (profundidade) Peso: 450 g.  PERGUNTAS FREQUENTES  - Para qual tamanho de imagem serve? \u00c9 indicado para imagens pequenas com dimens\u00f5es m\u00e1xima de at\u00e9 27cm de altura, 26cm de largura e 12cm de profundidade.  - \u00c9 igual a foto? Sim. Foto do produto real. Podem ocorrer leves varia\u00e7\u00f5es no tom da pe\u00e7a por se tratar de um produto artesanal, mas sem alterar a ess\u00eancia.  - Qual o material? Madeira MDF.  - D\u00e1 para pendurar? Sim, possui furo para pendurar na parede. Para imagens leves \u00e9 poss\u00edvel fixar com fita dupla face.  - Qual parafuso\/broca \u00e9 indicado? \u00c9 indicado o n\u00ba 6.  - Tem garantia de compra? Sim. S\u00e3o 30 dias para defeitos, 7 dias para arrependimento e garantia total contra quebras e atrasos.  - Posso expor ao sol e chuva? N\u00e3o \u00e9 recomendado exposi\u00e7\u00e3o ao sol e umidade.","og_url":"https:\/\/canaldefrasesbiblicas.com.br\/lojavirtual\/product\/oratorio-suporte-altar\/","og_site_name":"Loja Virtual B\u00edblica","article_modified_time":"2024-11-15T15:05:18+00:00","og_image":[{"width":1500,"height":1500,"url":"https:\/\/canaldefrasesbiblicas.com.br\/lojavirtual\/wp-content\/uploads\/2024\/03\/718oxhqIJ1L._AC_SL1500_.jpg","type":"image\/jpeg"}],"twitter_card":"summary_large_image","twitter_misc":{"Est. tempo de leitura":"1 minuto"},"schema":{"@context":"https:\/\/schema.org","@graph":[{"@type":"WebPage","@id":"https:\/\/canaldefrasesbiblicas.com.br\/lojavirtual\/product\/oratorio-suporte-altar\/","url":"https:\/\/canaldefrasesbiblicas.com.br\/lojavirtual\/product\/oratorio-suporte-altar\/","name":"Orat\u00f3rio Suporte Altar - Loja Virtual B\u00edblica","isPartOf":{"@id":"https:\/\/canaldefrasesbiblicas.com.br\/lojavirtual\/#website"},"primaryImageOfPage":{"@id":"https:\/\/canaldefrasesbiblicas.com.br\/lojavirtual\/product\/oratorio-suporte-altar\/#primaryimage"},"image":{"@id":"https:\/\/canaldefrasesbiblicas.com.br\/lojavirtual\/product\/oratorio-suporte-altar\/#primaryimage"},"thumbnailUrl":"https:\/\/i0.wp.com\/canaldefrasesbiblicas.com.br\/lojavirtual\/wp-content\/uploads\/2024\/03\/718oxhqIJ1L._AC_SL1500_.jpg?fit=1500%2C1500&ssl=1","datePublished":"2024-03-22T23:35:09+00:00","dateModified":"2024-11-15T15:05:18+00:00","breadcrumb":{"@id":"https:\/\/canaldefrasesbiblicas.com.br\/lojavirtual\/product\/oratorio-suporte-altar\/#breadcrumb"},"inLanguage":"pt-BR","potentialAction":[{"@type":"ReadAction","target":["https:\/\/canaldefrasesbiblicas.com.br\/lojavirtual\/product\/oratorio-suporte-altar\/"]}]},{"@type":"ImageObject","inLanguage":"pt-BR","@id":"https:\/\/canaldefrasesbiblicas.com.br\/lojavirtual\/product\/oratorio-suporte-altar\/#primaryimage","url":"https:\/\/i0.wp.com\/canaldefrasesbiblicas.com.br\/lojavirtual\/wp-content\/uploads\/2024\/03\/718oxhqIJ1L._AC_SL1500_.jpg?fit=1500%2C1500&ssl=1","contentUrl":"https:\/\/i0.wp.com\/canaldefrasesbiblicas.com.br\/lojavirtual\/wp-content\/uploads\/2024\/03\/718oxhqIJ1L._AC_SL1500_.jpg?fit=1500%2C1500&ssl=1","width":1500,"height":1500},{"@type":"BreadcrumbList","@id":"https:\/\/canaldefrasesbiblicas.com.br\/lojavirtual\/product\/oratorio-suporte-altar\/#breadcrumb","itemListElement":[{"@type":"ListItem","position":1,"name":"In\u00edcio","item":"https:\/\/canaldefrasesbiblicas.com.br\/lojavirtual\/"},{"@type":"ListItem","position":2,"name":"Loja","item":"https:\/\/canaldefrasesbiblicas.com.br\/lojavirtual\/shop\/"},{"@type":"ListItem","position":3,"name":"Orat\u00f3rio Suporte Altar"}]},{"@type":"WebSite","@id":"https:\/\/canaldefrasesbiblicas.com.br\/lojavirtual\/#website","url":"https:\/\/canaldefrasesbiblicas.com.br\/lojavirtual\/","name":"Canal de Frases B\u00edblicas Loja","description":"Sua loja virtual de produtos B\u00edblicos","publisher":{"@id":"https:\/\/canaldefrasesbiblicas.com.br\/lojavirtual\/#\/schema\/person\/c4e09d5a28b88156a652a19997e32f47"},"potentialAction":[{"@type":"SearchAction","target":{"@type":"EntryPoint","urlTemplate":"https:\/\/canaldefrasesbiblicas.com.br\/lojavirtual\/?s={search_term_string}"},"query-input":{"@type":"PropertyValueSpecification","valueRequired":true,"valueName":"search_term_string"}}],"inLanguage":"pt-BR"},{"@type":["Person","Organization"],"@id":"https:\/\/canaldefrasesbiblicas.com.br\/lojavirtual\/#\/schema\/person\/c4e09d5a28b88156a652a19997e32f47","name":"canaldefrasespararefletir","image":{"@type":"ImageObject","inLanguage":"pt-BR","@id":"https:\/\/i0.wp.com\/canaldefrasesbiblicas.com.br\/lojavirtual\/wp-content\/uploads\/2025\/03\/cropped-Canal-de-Frases-Biblicas.jpg?fit=771%2C286&ssl=1","url":"https:\/\/i0.wp.com\/canaldefrasesbiblicas.com.br\/lojavirtual\/wp-content\/uploads\/2025\/03\/cropped-Canal-de-Frases-Biblicas.jpg?fit=771%2C286&ssl=1","contentUrl":"https:\/\/i0.wp.com\/canaldefrasesbiblicas.com.br\/lojavirtual\/wp-content\/uploads\/2025\/03\/cropped-Canal-de-Frases-Biblicas.jpg?fit=771%2C286&ssl=1","width":771,"height":286,"caption":"canaldefrasespararefletir"},"logo":{"@id":"https:\/\/i0.wp.com\/canaldefrasesbiblicas.com.br\/lojavirtual\/wp-content\/uploads\/2025\/03\/cropped-Canal-de-Frases-Biblicas.jpg?fit=771%2C286&ssl=1"},"sameAs":["https:\/\/canaldefrasesbiblicas.com.br\/lojavirtual"]}]}},"jetpack_publicize_connections":[],"jetpack-related-posts":[],"jetpack_sharing_enabled":true,"_links":{"self":[{"href":"https:\/\/canaldefrasesbiblicas.com.br\/lojavirtual\/wp-json\/wp\/v2\/product\/1353","targetHints":{"allow":["GET"]}}],"collection":[{"href":"https:\/\/canaldefrasesbiblicas.com.br\/lojavirtual\/wp-json\/wp\/v2\/product"}],"about":[{"href":"https:\/\/canaldefrasesbiblicas.com.br\/lojavirtual\/wp-json\/wp\/v2\/types\/product"}],"replies":[{"embeddable":true,"href":"https:\/\/canaldefrasesbiblicas.com.br\/lojavirtual\/wp-json\/wp\/v2\/comments?post=1353"}],"wp:featuredmedia":[{"embeddable":true,"href":"https:\/\/canaldefrasesbiblicas.com.br\/lojavirtual\/wp-json\/wp\/v2\/media\/1354"}],"wp:attachment":[{"href":"https:\/\/canaldefrasesbiblicas.com.br\/lojavirtual\/wp-json\/wp\/v2\/media?parent=1353"}],"wp:term":[{"taxonomy":"product_brand","embeddable":true,"href":"https:\/\/canaldefrasesbiblicas.com.br\/lojavirtual\/wp-json\/wp\/v2\/product_brand?post=1353"},{"taxonomy":"product_cat","embeddable":true,"href":"https:\/\/canaldefrasesbiblicas.com.br\/lojavirtual\/wp-json\/wp\/v2\/product_cat?post=1353"},{"taxonomy":"product_tag","embeddable":true,"href":"https:\/\/canaldefrasesbiblicas.com.br\/lojavirtual\/wp-json\/wp\/v2\/product_tag?post=1353"}],"curies":[{"name":"wp","href":"https:\/\/api.w.org\/{rel}","templated":true}]}}